at is t(j)?
3
Let x(y) be the third derivative of y**5/60 - y**4/8 + y**3/2 - 13*y**2. Give x(3).
3
Let t(s) = 13*s**3 - 2*s**2 + 2*s + 11*s**3 - 1 - 28*s**3. Give t(1).
-5
Let m = -67 + 73. Let w(u) be the first derivative of -u**4/4 + 5*u**3/3 + 4*u**2 - 7*u + 1. Give w(m).
5
Let w(z) = z**2 - 5*z - 2. Suppose -f + 12 = 3*p, 0 = -p - 2*f + 7*f + 4. Give w(p).
-6
Let z(t) = -3*t**2 - 15*t - 6. Let b be z(-5). Let f(v) = v**3 + 7*v**2 + 5*v - 5. Calculate f(b).
1
Let f(t) = t**2 - t - 2. Let g(h) = -h. Let n = -2 - -5. Suppose -5*c + 25 = 0, 0*c - 24 = 3*k - n*c. Let i be g(k). Calculate f(i).
4
Let d be 9/6*2 + -8. Let z(x) = 0*x**3 + 4*x**2 + x**3 - 3*x - x. Determine z(d).
-5
Suppose w = 11*w + 50. Let u(i) = -i - 4. Give u(w).
1
Let w be ((-2 - -2) + 1)*3. Let d(f) = 0 - 4*f - 6 + 6 + 2*f**2 + f**w. What is d(-3)?
3
Let x(m) = -4 + 5 + 3*m**3 + 5*m**2 - 2*m**3 - 10*m**2. What is x(5)?
1
Let d be 0/((-2)/(-2)) + 1. Let q be (-5 + d + 1)*-5. Suppose -3*g - 2*g + f - 18 = 0, 3*f - q = 2*g. Let s(y) = 2*y + 1. What is s(g)?
-5
Let h(q) = -9*q**3 - 9*q**2 + 5*q - 15. Let f(c) = -7*c**3 - 4*c**2 + 2*c - 7 + 3*c**3 + 2 - 2. Let i(d) = 7*f(d) - 3*h(d). Give i(0).
-4
Let r(u) = 2*u**2 - u + 2. Let l = 18 + -16. What is r(l)?
8
Let j(l) = -9*l**3 - 17*l**2 - 4*l - 14. Let z(v) = -4*v**3 - 8*v**2 - 2*v - 7. Let i(h) = 3*j(h) - 7*z(h). Determine i(-5).
-3
Let q = -58 + 52. Let d(j) = -j - 12. Determine d(q).
-6
Let c = 10 + -11. Let g(p) = 12*p**2 + 6*p - 4. Let f(l) = 4*l**2 + 2*l - 1. Let w(s) = 7*f(s) - 2*g(s). What is w(c)?
3
Suppose -1 + 6 = 5*r. Let i(y) be the first derivative of y**3/3 - y**2 + y + 4. Determine i(r).
0
Let t(y) = y**2 - y + 1. Let b(q) = -3*q**2 + 2*q - 5. Let a(k) = b(k) + 2*t(k). Determine a(0).
-3
Let u be 6/(-10) + 26/10. Let t(j) be the second derivative of j**4/12 + j**3/3 - 3*j**2/2 - j. What is t(u)?
5
Let b(t) = 35 - 9*t + t**2 + 0*t**2 - 13 - 13. What is b(6)?
-9
Suppose 3*q - 7*q = -12. Suppose -4*k = -4, 0*p - 5*k + 11 = -q*p. Let m(r) be the first derivative of -5*r**2/2 + 2. Calculate m(p).
10
Let p(o) = o**3 - 4*o**2 + 4. Let m(q) = -3*q**3 + 8*q**2 - 9. Let y(g) = 2*m(g) + 5*p(g). Give y(-3).
-7
Suppose b = 3*b - 6. Let n(d) = 2*d. Calculate n(b).
6
Let p(a) = -a**3 - a**2 + 11*a + 1. Let i be p(-4). Let d(x) = -11*x - 13. Let f(r) = -5*r - 6. Let n(t) = -6*d(t) + 13*f(t). What is n(i)?
5
Let m = 18 + -15. Let b(n) = -5*n - m + 3*n + 5*n + 0. Determine b(3).
6
Let z(c) = -c**3 - 4*c**2 + 6*c + 5. Let p(f) = -f + 9. Let v be p(5). Suppose i = 2*t + v, -3*t = -5*i - t - 4. Let h be 5*(-3 - i)*1. Determine z(h).
0
Let j(q) = -6*q**3 - 14*q**2 - 11*q - 9. Let c(o) = -o**3 - 3*o**2 - 2*o - 2. Let u(d) = 11*c(d) - 2*j(d). Let m = 8 - 13. Let k be 81/15 + 2/m. Calculate u(k).
-4
Suppose -4 = 6*b - 7*b. Let q be 1/((-4)/(24 - b)). Let n(m) = m**2 + 3*m - 3. Calculate n(q).
7
Let f = -1 + 5. Suppose 0 = b - f*b - 9. Let j(p) = 2*p + p + 2*p - 2*p. Give j(b).
-9
Let y(v) = 5*v - 9*v - 3 + 6*v - 3*v. Calculate y(-4).
1
Let h be (-7)/(28/16) + 1. Let q = h + 1. Let c(z) = -2*z**2 + z - 1. Determine c(q).
-11
Let o(k) = 19*k**2 - 6. Let t(q) = -4*q**2 + 1. Let l(b) = -2*o(b) - 11*t(b). Suppose 0 = 4*m - 16 - 4. Suppose 5 = m*i - 2*p, 4*i = -0*p + p + 1. Give l(i).
7
Let w = -44 + 45. Let p(k) = -4*k**2 - 2*k + 1. What is p(w)?
-5
Let z = -14 + 14. Let p be 1/(3/(18 - z)). Let l(s) = s**3 - 7*s**2 + 5*s + 4. Determine l(p).
-2
Let n(u) be the third derivative of u**4/8 + u**3/2 + 28*u**2. What is n(-3)?
-6
Let u be 70/25 + (-4)/5. Let q(r) = -r**3 + 3*r**2 - 2. Determine q(u).
2
Let m(h) = -5*h - 22. Let l be m(-5). Let z(w) = w**2 + 4*w - 2. Give z(l).
19
Let c(o) = -o**3 + 6*o**2 - 5*o + 5. Let z(m) = m**2 - 15*m + 19. Let p be z(14). Determine c(p).
5
Suppose 0 = -3*p + 21 - 0. Suppose 2*s + 15 = p*s. Let t(o) = 0*o - s*o + 1 + 6*o. Give t(1).
4
Let v be (-1)/7 + -3*34/21. Let s(k) = -k**2 - 6*k. Determine s(v).
5
Let d(m) = -m**3 + 4*m**2 - m - 4. Let l be d(3). Let w(k) = 0 - 9 + k**l + 10 - 6*k**2. Calculate w(-1).
-4
Let m(l) = 3*l - 5*l - 6 - 3*l + 7*l. What is m(6)?
6
Let m be (-5)/5*2/(-3). Let n(z) be the second derivative of 0 + z - m*z**3 + 1/12*z**4 - 3*z**2. Determine n(5).
-1
Suppose -4*f = -5*f + 3. Let n(s) be the first derivative of s**4/4 - 5*s**3/3 + s**2 + 3*s - 3. What is n(f)?
-9
Suppose 0 = -r + 2 + 1. Let i(b) = -r*b + b - b + 4*b. Let p(c) = -c**3 + 2*c**2 - 3*c + 2. Let o be p(2). Calculate i(o).
-4
Let p = -2 - -4. Let l = 5 + 5. Let z(g) = -l - g**p + 9 - g - g**3 + 2*g. What is z(0)?
-1
Let u(b) = b. Let w be u(3). Let q(m) = -m**2 - m**2 - 2*m**2 + 3 - m**w - m + 0*m**2. Give q(-4).
7
Let q = -3 - -6. Let c(s) = 2*s**2 + 0*s + s**3 - s - q*s**3. Determine c(1).
-1
Let o(x) be the third derivative of -1/6*x**4 + 1/2*x**3 - 3*x**2 + 1/15*x**5 - 1/120*x**6 + 0 + 0*x. Determine o(3).
0
Suppose 4*m = 38 - 2. Suppose m = 6*r - 3*r. Let b(t) = 2 + 0 + 2*t - 4. Give b(r).
4
Let h(t) be the second derivative of -t**5/20 + t**4/2 - t**3/6 - 7*t**2/2 - 2*t. What is h(5)?
13
Let f(s) = -3*s**2 - 5*s + 1. Let w(l) = 4*l**2 + 5*l - 1. Let z(r) = -5*f(r) - 4*w(r). Let p be 7 + -2 - (1 - -2). Determine z(p).
5
Let m(t) = -t**2 - t + 1 + 0*t + 2*t. Let b(f) = 4*f**2 + 2*f - 7. Let v(j) = -j**2 - 7*j + 5. Let k be v(-7). Let i(l) = k*m(l) + b(l). Determine i(5).
8
Let d(x) = -3*x**2 - 4*x - 3. Let i be -6 + 12 - (-1 - -3). Suppose u = 3*u + i. Determine d(u).
-7
Suppose -2 = -4*x + 4*l + 6, -x = 4*l + 13. Let q(w) = 16*w + 1. Determine q(x).
-15
Let q(a) = 5*a**3 + 2*a**2 - a - 6. Let z(r) = -6*r**3 - 3*r**2 + r + 7. Let u(f) = 5*q(f) + 4*z(f). Determine u(3).
4
Suppose 0 = g + 15 - 21. Let b(k) = -k**2 + 5*k + 3. Calculate b(g).
-3
Let b(o) = o - 11. Let u be (-650)/(-39) - (0 - 2/(-3)). Determine b(u).
5
Let f(a) be the first derivative of a**6/120 + a**5/12 - a**4/12 - 2*a**3/3 - 3*a**2/2 + 1. Let x(r) be the second derivative of f(r). What is x(-5)?
6
Let p(t) = 1 - 2*t + 3*t - 5. Suppose 0 = 3*i + i - 12. Suppose 0 = n, -i*x - x + 12 = -4*n. What is p(x)?
-1
Let k(o) be the second derivative of -o**3/6 + 3*o**2/2 - 13*o. Give k(-3).
6
Let p(o) be the second derivative of -o**5/10 - o**4/3 - 2*o**3/3 - o**2 + 5*o. Give p(-2).
6
Let r(f) = -2*f**2 + 2*f + 1. Let d(h) = -10*h**2 + 7*h + 3. Let o(t) = 2*d(t) - 9*r(t). Determine o(-2).
-3
Let x be (-384)/(-120) + (-8)/(-10). Let u(b) = -b**2 + 7*b + 2. What is u(x)?
14
Let a(n) = n - 3. Let p(c) = -1. Let z(k) = -a(k) + 5*p(k). Suppose 40 = -5*i + 15. What is z(i)?
3
Suppose -5*t - 7 = -2*v, -4*t - 32 = -3*v + 8*v. Let m(g) = -2*g**3 - 5*g**2 - 5*g - 2. Determine m(t).
22
Let f(i) be the first derivative of i**2/2 + 7*i - 22. What is f(0)?
7
Let n be 25/(-105)*3 + (-4)/14. Let h be (7/((-7)/(-6)))/1. Let q(w) = -w**2 + h - 6 - w**3. Give q(n).
0
Let j(i) = 7*i**2 + 2*i + 1. Let m be j(-1). Let a(p) = -p**3 + 6*p**2 + 2*p - 2. Calculate a(m).
10
Let q be (-7 - -9) + (2 - 1). Let g(h) = h**2 - h + 1. Let o(c) be the second derivative of -c**4/12 - 5*c**2/2 + c. Let f(t) = -2*g(t) - o(t). Determine f(q).
0
Let f(b) = -b**3 + 7*b**2 - 7*b - 4. Suppose 2*q + 8 = -4*c, 0 = -q + 16*c - 14*c + 16. Determine f(q).
-10
Let w(v) = -v**3 + 6*v**2 - 4*v + 2. Let f be 1/(-2)*1*-8. What is w(f)?
18
Let f(a) = -7*a**3 + a**2 - 2*a - 2. Let h(q) = -q**2 + q**3 + q - q. Let x(o) = f(o) + 6*h(o). Determine x(-4).
-10
Let d(f) = 0 + 2*f**2 + 3 - 4 + 8*f**3. Determine d(1).
9
Let x(f) = -f**2 - 5*f + 3. Let n be (4 + -25)*3*(-1)/(-9). What is x(n)?
-11
Let s be (-2)/(2/(-8)*2). Suppose -5*w = 3*m + 2*m + 15, s = -2*w - 4*m. Let d(q) = 3 - 8*q + 12*q - q**2 - 8*q. Give d(w).
3
Let d(w) = 3*w**3 - w**2 + 2*w - 9. Let r(z) = 2*z**3 + z - 5. Let v = 5 - 5. Let g = 3 + v. Let p(f) = g*d(f) - 5*r(f). Give p(-3).
-5
Let s(o) = -o**2 - 10*o - 4. Let r = -64 - -56. Determine s(r).
12
Let t(g) be the third derivative of g**6/120 + g**5/60 + 2*g**3/3 + 14*g**2. What is t(0)?
4
Let z(k) = k**3 - 4*k**2 - 4*k - 2. Suppose -4*v + 10 = -2*v. Let q = 7 - v. Suppose q*r - 9 - 1 = 0. Calculate z(r).
3
Let n(v) be the third derivative of 1/24*v**4 - 3*v**2 + 0*v + 0 - 1/6*v**3. Let u(a) = 5*a - 2. Let z(i) = 6*n(i) - u(i). Determine z(-4).
-8
Let n(g) = g**2 - 5*g - 2. Let i be -1*1 - (-7 - 0). 